 by 22.
21
Suppose -4*l - 32 = -4*v, -3*l = v + 2 + 2. Suppose -5*y - 4*t = -65, 2*y - v*y + 2 = -5*t. Calculate the remainder when 16 is divided by y.
7
Suppose 55 = 10*h - 5*h. Let q = 1 + h. Calculate the remainder when 34 is divided by q.
10
Suppose 3*z - 202 = -4*s, 5*s + 5*z - 146 = 2*s. Calculate the remainder when s is divided by 14.
10
Let l = 60 + -40. What is the remainder when 36 is divided by l?
16
Let u(n) = 8*n + 34. Calculate the remainder when u(-3) is divided by 7.
3
Let w be 84/(-9) + (-6)/9. Let h = 1 - w. Calculate the remainder when 31 is divided by h.
9
Let b be -1 - (0 - 1)*3. Let c(u) = 11*u**3 - 3*u + 2. What is the remainder when c(b) is divided by 29?
26
Let q(i) = i + 40. Let a be q(0). Let b = a - 10. Suppose 2*g + 8 = 0, 2*v - g - b = -0. Calculate the remainder when 50 is divided by v.
11
Let v(j) = 5*j + 17. Calculate the remainder when 124 is divided by v(3).
28
Suppose -5 = -2*u + w, -3*w = -4*u - 5 + 14. Suppose -u*l + 137 = 5*y, 0 = -2*y - 2*l + 3*l + 57. What is the remainder when y is divided by 2*2/4*13 - -2?
13
Let t(i) = -4*i + 11. Let a be ((-7)/2)/(3/6). Let g = a + 18. Calculate the remainder when t(-5) is divided by g.
9
Let d(j) = -j**3 + j**2 - j + 3. Let r be d(0). Suppose -4*k + 0*c = -3*c - 46, -5*k + 44 = r*c. Calculate the remainder when k is divided by 6.
4
Let h(a) = -a**3 - a**2 + a + 7. Let j = 184 - 84. Suppose 2*p - j = -3*p. Calculate the remainder when p is divided by h(0).
6
Let g(u) = 3*u + u + 2 - 10 + 5. Suppose 3*q = -2*a + 53, -a + 34 + 52 = 5*q. Calculate the remainder when g(9) is divided by q.
16
Let h = 7 + -16. Let z = -4 - h. Let r(w) = w**3 + 9*w**2 - 2*w - 6. Calculate the remainder when r(-9) is divided by z.
2
Suppose -j - 54 = -q - 3*q, -2*j = q - 9. Let f = q + -9. Suppose -64 = -3*v - f*s, -2*v + 5*v - 59 = s. What is the remainder when v is divided by 11?
9
Let b be 31/(((-4)/4)/(-1)). Suppose 5*a - 54 = b. What is the remainder when a is divided by 5?
2
Let o(p) = -p - 7. Let h be o(-3). Calculate the remainder when 7 is divided by (-11)/h + (-3)/4.
1
Let p = 0 + 6. Let c = 55 - 34. Calculate the remainder when c is divided by p.
3
Let h(w) = -6*w**3 + 3*w**2 + 2*w - 2. What is the remainder when h(-2) is divided by 14?
12
Suppose -10*m + 9*m = -90. Calculate the remainder when m is divided by 13.
12
Let b(u) = -u + 11. Suppose 2*l = 2, 0*l - 81 = 5*v + 4*l. Let f = -1 - v. What is the remainder when f is divided by b(5)?
4
Let i be (27/(-12))/(2/8). Let p(o) = -o**2 + 12*o - 13. Let u be p(7). Let h = u + i. What is the remainder when h is divided by 4?
1
Let r(p) = p - 3. Let v be r(7). Let a = v - -2. Calculate the remainder when 8 is divided by a.
2
What is the remainder when -6 + 26/4 + (-93)/(-2) is divided by 27?
20
Suppose 0 = -3*z - 0*z + 3*l - 21, 0 = 2*l - 2. Let s = 16 + z. Suppose -8 = -4*r - 2*y + 4, -2*r - 5*y - s = 0. Calculate the remainder when r is divided by 2.
1
Calculate the remainder when (-3 - (3 - 5))*-7*5 is divided by 12.
11
Suppose -20 = -5*m + 35. Suppose -t + 1 = 3. Let s(w) = -4*w**3 - 4*w**2 - w + 2. What is the remainder when s(t) is divided by m?
9
Let g = 103 - 48. Calculate the remainder when g is divided by 20.
15
Suppose -2*v + 24 = -0. What is the remainder when 45 is divided by v?
9
Suppose 4*c - 15 = -g + 1, 2*g - 4*c = -4. Suppose g*v - 134 + 18 = -4*q, 5*q - 25 = 0. Suppose -v - 22 = -2*z. Calculate the remainder when z is divided by 8.
7
Suppose 3*z - 2*z = -14. Let x = z - -30. Calculate the remainder when 4/14 + (-640)/(-14) is divided by x.
14
Suppose -q = z - 3*q - 4, 5*z + 2*q - 32 = 0. What is the remainder when 17 is divided by z?
5
Let l be (-2)/(-4) + 6/4. Suppose -3*v + 31 + l = 0. Calculate the remainder when v is divided by 2/6 - (-44)/12.
3
What is the remainder when 308/(-6)*18/(-12) is divided by 20?
17
Let v(i) = 40*i. What is the remainder when 118 is divided by v(1)?
38
Let c = -2 + 15. Let z = -39 - -21. What is the remainder when c is divided by (-86)/z + (-2)/(-9)?
3
Suppose 0*p = 4*p + 188. What is the remainder when (1 + -5)*(-56)/16 is divided by p/(-9) + (-6)/27?
4
Let s be 2/(0 + 4/74). What is the remainder when 207/6 + 1/2 is divided by s/3 + (-2)/6?
11
Suppose 5*i = 9*i - 396. Calculate the remainder when i is divided by 25.
24
Suppose 2*f - 3*f = -10. Let z(d) = d**2 + 20*d + 39. Calculate the remainder when z(0) is divided by f.
9
Let f(x) = x. Let l be -2 + 8 + 2 + -2. Suppose 5 = 5*c + 2*k - l, -3*c + k + 11 = 0. What is the remainder when c is divided by f(2)?
1
Let u(p) = -p**2 - 5*p. Let b = -8 + 4. Let a be u(b). Let q(c) = c**2 - 2*c + 3. Calculate the remainder when q(a) is divided by 6.
5
Let y be -33*(0 - 2 - -1). Let t = 68 - y. Calculate the remainder when t is divided by 1/(-3) - (-74)/6.
11
Let j(l) = 4*l**2 - 6*l + 5. Suppose 6 = 5*m - 3*m. What is the remainder when (-674)/(-10) + (-4)/10 is divided by j(m)?
21
Let k = -109 + 155. Suppose g - 20 = 6*g, -2*g + 16 = u. What is the remainder when k is divided by u?
22
Let w(p) = p**2 - 2*p + 3. Let j be w(4). Suppose -2*f - j + 71 = 0. Calculate the remainder when f is divided by 11.
8
What is the remainder when (3/6 - -3)*2 is divided by 3?
1
Let c(d) = 191*d**2 - 5*d - 5. Calculate the remainder when c(-1) is divided by 48.
47
Let l = -35 + 84. What is the remainder when l is divided by 26?
23
Let w(k) = -4*k - 3 - k - k - k**3 - k - 6*k**2. Suppose 2*o + 25 = 5*h, 0 = -o + 5*h + 6 - 26. Calculate the remainder when 12 is divided by w(o).
5
Let n = 2 - -2. Calculate the remainder when n is divided by (-2)/15 + 705/225.
1
Let h(m) = 2*m**2 + 5*m + 8. Let f(v) = -8*v**2 - 19*v - 33. Let r(z) = 2*f(z) + 9*h(z). Calculate the remainder when 1*61 + 4 + -3 is divided by r(-5).
20
Calculate the remainder when (2/3)/((-3)/414*-2) is divided by 25.
21
Suppose -r - 4 - 5 = -5*g, -r + 21 = 5*g. Suppose a + 3 - r = 0. What is the remainder when 4 is divided by a?
1
Suppose 0 = -15*k + 20*k - 95. What is the remainder when (-3)/(-6) - (-222)/4 is divided by k?
18
Let p(s) = 2*s + 3*s - 4 + 0*s**3 - s**3 + 14*s**2. What is the remainder when p(14) is divided by 17?
15
Let g be 3/1 + -10 + -1. Calculate the remainder when 12 is divided by (-6)/g - 51/(-12).
2
Suppose -3*o - 6*x + 7*x + 14 = 0, 4*o + 2*x = 32. What is the remainder when o is divided by 2?
0
Let l(u) = -u**3 - 2*u**2 + 11*u - 9. Calculate the remainder when l(-6) is divided by 8.
5
Suppose 3*p = 63 - 42. Calculate the remainder when ((-6)/3)/((-4)/38) is divided by p.
5
Suppose 4*q - 32 = 4. Suppose -c = -2*u - q, 4*u - 20 - 38 = -2*c. What is the remainder when c is divided by 11?
8
Let i(y) = y**3 + 14*y**2 - 16*y - 11. Let w be i(-15). Suppose -w*b - 5*n = -17 - 3, 5*b - 4*n - 66 = 0. Calculate the remainder when 29 is divided by b.
9
Let a(r) = r**2 - 6*r + 7. Let c be a(5). Suppose c*w = -0*z + z + 29, -2*w - 76 = 4*z. Let t = z - -29. Calculate the remainder when 23 is divided by t.
7
Suppose -2*l - 11 = 3*r - 30, l - 4*r - 15 = 0. Suppose -3*m = -2*m - l. Let w(f) = 7*f + 3. What is the remainder when w(4) is divided by m?
9
Let i = 284 - 263. Calculate the remainder when i is divided by 4/10 - 38/(-5).
5
Suppose -2*q + 55 = z + 7, -69 = -2*z + 5*q. Suppose 0 = 2*k - 6, -51 = -4*u - 0*k + 3*k. Calculate the remainder when z is divided by u.
12
Let z = -54 + 173. Let s = 201 + -129. Let c = z - s. Calculate the remainder when c is divided by 16.
15
Suppose -4*a = -0*a - 4. Let q = 6 - a. Calculate the remainder when 9/21 + 240/28 is divided by q.
4
Let s(f) = f**3 - 8*f**2 + 7*f + 2. Suppose 0 = -0*p + 4*p. Suppose k - 2 = -p. Calculate the remainder when k is divided by s(7).
0
Suppose 4*i + 4*z - 48 = 0, 5*z + 30 = 10. Calculate the remainder when 30 is divided by i.
14
Let j(i) = -2*i - 8. Suppose o = 5*o - 108. What is the remainder when o is divided by j(-9)?
7
Let c(s) = 3*s + 1. Let m(f) = f**3 + 7*f**2 + 8*f + 15. What is the remainder when m(-5) is divided by c(2)?
4
Suppose -i + 20 = 3*i. What is the remainder when 19 is divided by i?
4
Suppose -2*w - 25 = -3*w. Calculate the remainder when 48 is divided by w.
23
Let j be 2*(-1 + (-9)/(-2)). Suppose -4*s + 51 = j. What is the remainder when s is divided by 6?
5
Let y(l) = -l**2 + 15*l - 40. Calculate the